                                                                                                                                                                                                                                                                                                                                                                                                                                                                                                                                                                                                                                                                                                                                                                                                                                                        {"id":497,"date":"2019-11-27T18:11:35","date_gmt":"2019-11-27T18:11:35","guid":{"rendered":"http:\/\/artysport.pt\/stand\/?page_id=497"},"modified":"2019-11-27T18:11:35","modified_gmt":"2019-11-27T18:11:35","slug":"historia","status":"publish","type":"page","link":"https:\/\/artysport.com\/stand\/historia\/","title":{"rendered":"Hist\u00f3ria"},"content":{"rendered":"<p style=\"text-align: center;\">A <strong>Davide Marques da Silva, Unipessoal Lda. <\/strong>\u00e9 uma PME, especializada em repara\u00e7\u00e3o e manuten\u00e7\u00e3o autom\u00f3vel.<\/p>\n<p style=\"text-align: center;\">Com in\u00edcio de atividade em 2010, a empresa apresenta um crescimento cont\u00ednuo, assente na satisfa\u00e7\u00e3o do cliente. Os produtos e servi\u00e7os realizados s\u00e3o efetuados com o objetivo de promover e prolongar o tempo de vida do ve\u00edculo de cada cliente.<\/p>\n<p style=\"text-align: center;\">A empresa, trabalha com outras empresas especializadas nas mais diversas \u00e1reas de modo a garantir o melhor servi\u00e7o ao cliente.<\/p>\n<p style=\"text-align: center;\">Em 2019, foram v\u00e1rias as novidades:<\/p>\n<p style=\"text-align: center;\">Com a cria\u00e7\u00e3o da <strong>Artysport Stand<\/strong>, com o objetivo de facilitar a procura de viaturas usadas e solucionar a retoma da sua viatura.<\/p>\n<p style=\"text-align: center;\"><strong>Artysport Competi\u00e7\u00e3o <\/strong>refor\u00e7ada com novos objetivos, tendo como princ\u00edpio catalogar os servi\u00e7os efetuados na \u00e1rea e ajudar o cliente a encontrar medidas que apoiem as suas necessidades.<\/p>\n","protected":false},"excerpt":{"rendered":"<p>A Davide Marques da Silva, Unipessoal Lda. \u00e9 uma PME, especializada em repara\u00e7\u00e3o e manuten\u00e7\u00e3o autom\u00f3vel. Com in\u00edcio de atividade em 2010, a empresa apresenta um crescimento cont\u00ednuo, assente na satisfa\u00e7\u00e3o do cliente. Os&#8230;<a  class=\"more\" href=\"https:\/\/artysport.com\/stand\/historia\/\">more<\/a><\/p>\n","protected":false},"author":3,"featured_media":0,"parent":0,"menu_order":0,"comment_status":"closed","ping_status":"open","template":"","meta":[],"_links":{"self":[{"href":"https:\/\/artysport.com\/stand\/wp-json\/wp\/v2\/pages\/497"}],"collection":[{"href":"https:\/\/artysport.com\/stand\/wp-json\/wp\/v2\/pages"}],"about":[{"href":"https:\/\/artysport.com\/stand\/wp-json\/wp\/v2\/types\/page"}],"author":[{"embeddable":true,"href":"https:\/\/artysport.com\/stand\/wp-json\/wp\/v2\/users\/3"}],"replies":[{"embeddable":true,"href":"https:\/\/artysport.com\/stand\/wp-json\/wp\/v2\/comments?post=497"}],"version-history":[{"count":1,"href":"https:\/\/artysport.com\/stand\/wp-json\/wp\/v2\/pages\/497\/revisions"}],"predecessor-version":[{"id":499,"href":"https:\/\/artysport.com\/stand\/wp-json\/wp\/v2\/pages\/497\/revisions\/499"}],"wp:attachment":[{"href":"https:\/\/artysport.com\/stand\/wp-json\/wp\/v2\/media?parent=497"}],"curies":[{"name":"wp","href":"https:\/\/api.w.org\/{rel}","templated":true}]}}